{"id":28,"date":"2026-04-29T12:13:06","date_gmt":"2026-04-29T12:13:06","guid":{"rendered":"https:\/\/carpet-art.com\/200\/about\/"},"modified":"2026-04-29T12:13:06","modified_gmt":"2026-04-29T12:13:06","slug":"about","status":"publish","type":"page","link":"https:\/\/carpet-art.com\/200\/about\/","title":{"rendered":"About"},"content":{"rendered":"\n\n\n<h2>\u00c0 Propos de Nous<\/h2>\n\n\n\n\n\n\n\n\n\n<h2>Notre \u00c9quipe<\/h2>\n\n<p style=\"text-align:left;color:#5d5d5d\">Rencontrez les artisans talentueux derri\u00e8re nos tapis uniques.<\/p>\n\n\n\n\n\n\n\n\n\n<h2>\u00c0 Propos de Nous<\/h2>\n\n<p style=\"text-align:center;color:#5d5d5d\">D\u00e9couvrez notre histoire et notre engagement envers la qualit\u00e9 et le design.\n\n<\/p>\n\n\n\n<p style=\"text-align: left;line-height: 2;color:#5d5d5d\">Tunisian Carpet Art est une entreprise d\u00e9di\u00e9e \u00e0 la cr\u00e9ation de tapis artisanaux uniques qui allient tradition et innovation. Notre mission est de pr\u00e9server l\u2019art ancestral du tissage tout en proposant des cr\u00e9ations contemporaines.<\/p>\n\n\n\n\n\n\n<h2>Plan de Base<\/h2>\n\n\n\n","protected":false},"excerpt":{"rendered":"","protected":false},"author":1,"featured_media":0,"parent":0,"menu_order":0,"comment_status":"closed","ping_status":"closed","template":"","meta":{"pagelayer_contact_templates":[],"_pagelayer_content":"","footnotes":""},"class_list":["post-28","page","type-page","status-publish","hentry"],"_links":{"self":[{"href":"https:\/\/carpet-art.com\/200\/wp-json\/wp\/v2\/pages\/28","targetHints":{"allow":["GET"]}}],"collection":[{"href":"https:\/\/carpet-art.com\/200\/wp-json\/wp\/v2\/pages"}],"about":[{"href":"https:\/\/carpet-art.com\/200\/wp-json\/wp\/v2\/types\/page"}],"author":[{"embeddable":true,"href":"https:\/\/carpet-art.com\/200\/wp-json\/wp\/v2\/users\/1"}],"replies":[{"embeddable":true,"href":"https:\/\/carpet-art.com\/200\/wp-json\/wp\/v2\/comments?post=28"}],"version-history":[{"count":0,"href":"https:\/\/carpet-art.com\/200\/wp-json\/wp\/v2\/pages\/28\/revisions"}],"wp:attachment":[{"href":"https:\/\/carpet-art.com\/200\/wp-json\/wp\/v2\/media?parent=28"}],"curies":[{"name":"wp","href":"https:\/\/api.w.org\/{rel}","templated":true}]}}